e greatest common factor of 112 and g?
14
Let b(d) = 2*d - 5. Let p be b(5). Suppose p*a + 3 = 108. Suppose x - 14 = -0*x. Calculate the greatest common factor of a and x.
7
Let d(v) = -v**3 - 6*v**2 - 2*v. Let j be d(-6). Let o = 89 + -71. What is the greatest common divisor of j and o?
6
Let r(n) = n - 5. Let w be r(7). Suppose w*y = t + 163, 5*y - 246 = 2*y + 2*t. What is the highest common divisor of 10 and y?
10
Let w(h) = 16*h**3 - 2*h**2 + h. Let t be w(1). Suppose 2 = 2*i + 5*y, 22 = 3*i - 0*y - 2*y. What is the greatest common factor of i and t?
3
Let q = -70 + 158. What is the highest common divisor of 11 and q?
11
Let y be -3 - (1 + 36/(-1)). What is the highest common divisor of y and 4?
4
Suppose -4*f + 8 = 0, -3*u - f - 32 = -2*f. Let c(r) = -r**2 - 11*r - 3. Let p be c(u). What is the greatest common divisor of 35 and p?
7
Let v = 31 - 29. Let g(z) = 6*z**2 + 4*z + 2. Let x be g(-2). Calculate the greatest common factor of v and x.
2
Suppose 0*y + 84 = 2*y. Suppose y = 3*v - 0*v. Suppose m = -n + v, n - 4*m - 30 + 6 = 0. Calculate the greatest common divisor of 16 and n.
16
Suppose 3*h - 4*o - 241 = 0, -4*h + 3*o + 223 = -89. Let q = -19 + h. Calculate the highest common factor of q and 14.
14
Let p(w) = 14*w + 2. Let g be p(1). Calculate the greatest common divisor of 4 and g.
4
Let m(h) = 11*h**2 + h + 3. Let o be m(-2). Calculate the greatest common divisor of o and 18.
9
Let l be (-3)/(-2)*40/6. Suppose 0 = -2*u - y + 22, -y - 2 = -4. What is the highest common factor of u and l?
10
Suppose 5*m - 9 = -g + 17, -17 = -4*m + 3*g. What is the greatest common factor of m and 5?
5
Let x = 43 + -34. What is the greatest common factor of 45 and x?
9
Suppose -2*m = -3*r - m + 4, 20 = -r - 5*m. Suppose -5*u = -r*u - 85. Calculate the greatest common factor of u and 119.
17
Let y = -29 - -43. Calculate the greatest common factor of 35 and y.
7
Let m(g) = -g**2 + 11*g - 6. Let k be m(5). Calculate the greatest common factor of 12 and k.
12
Let k(u) = u**3 - 9*u**2 - 8*u - 5. Let l be k(10). Calculate the highest common factor of l and 60.
15
Let k(w) = 21 + 3 - 1 - w - 1. Let t be k(9). What is the greatest common divisor of 117 and t?
13
Let h = -24 + 28. What is the highest common factor of h and 60?
4
Suppose j = 5*j - 2*f, -3*j = 4*f. Suppose -w + 12 - 1 = j. What is the greatest common divisor of 99 and w?
11
Let y(l) = 63*l**3 - 2*l**2 + l. Let b(w) = w**3 - 5*w**2 + 3*w + 5. Let o be b(4). Let f be y(o). Calculate the greatest common divisor of f and 93.
31
Suppose 2*f = 7*f + 20. Let g = f + 6. Suppose g*b - 29 + 13 = 0. What is the highest common factor of b and 4?
4
Let h be (-4)/(-1) - (-1)/(-1). Suppose r + 32 = h*r. Suppose -s + r = 5*p, -3*s + 0*s = 5*p - 48. Calculate the greatest common divisor of s and 24.
8
Let k(i) be the second derivative of i**5/20 + 7*i**4/12 + 5*i**3/6 + 3*i**2 + 4*i. Let a be k(-6). What is the highest common divisor of a and 96?
12
Suppose 0 = 2*g, 3*w + 5*g - 78 = g. Let p = 82 - 69. Calculate the highest common divisor of w and p.
13
Let a be -5 + (-56)/(-10) - (-204)/10. What is the highest common divisor of 231 and a?
21
Let g be (-14)/21*(-546)/4. What is the greatest common divisor of g and 13?
13
Let u be -1 + 19 - (-4 + 4). Let g be 2*(-4 + (-1 - -3)). Let t(d) = -d**3 + 3*d**2 - 3*d + 2. Let j be t(g). Calculate the greatest common divisor of u and j.
18
Let w be (2/(-6))/(7/(-63)). Let r = w + -1. What is the greatest common divisor of 22 and r?
2
Let b be ((-150)/21)/(2/(-14)). Calculate the greatest common factor of 25 and b.
25
Let u = 10 - 21. Let s = 19 - u. Let x be (-2 - 0)/(3/(-9)). What is the greatest common factor of s and x?
6
Let d be 2/4 + 318/4. Suppose 3*k = 55 + 47. Suppose z = -2*l + k, 3*z - 61 = z + 3*l. Calculate the highest common factor of z and d.
16
Suppose -2 = 3*v - 2*k + 1, v + 4*k = -15. Let x = v + 15. Calculate the highest common divisor of 18 and x.
6
Let p = 33 + 3. Calculate the greatest common divisor of p and 90.
18
Let d = 2 - -19. What is the highest common divisor of 231 and d?
21
Let x = -2 - -9. What is the highest common factor of 14 and x?
7
Suppose 5*g - 52 - 3 = 0. What is the greatest common factor of g and 121?
11
Let b = 74 - 35. Let i be 39*2/(-4)*12/(-9). What is the greatest common divisor of i and b?
13
Let w be (4/6)/((-1)/3). Let d = w - -7. Suppose c = 6*c - d. Calculate the greatest common divisor of 11 and c.
1
Suppose 4*i - 20 = 8. Let x(w) be the third derivative of -w**4/24 + 4*w**3/3 - w**2. Let v be x(i). Calculate the greatest common factor of v and 1.
1
Let x = 34 + 72. Suppose -3*i = -x - 38. What is the greatest common divisor of 6 and i?
6
Let j(q) = 6*q**3 - q - 1. Let f be j(-3). Let v be 1/(-3) + f/(-3). Suppose 23 = 4*n - v. What is the greatest common factor of n and 133?
19
Let f be 38/8 - (-4)/16. Let i = 21 + 4. What is the greatest common divisor of f and i?
5
Suppose 0 = -2*k + 5*p - 2*p + 105, -2*p + 170 = 4*k. Suppose 0 = 4*m - 0*u + 4*u - 76, -3*u = -3. Calculate the highest common divisor of k and m.
9
Let l = 0 + -3. Let o = l + 2. Let c be 21 - (o + (-2)/(-1)). What is the highest common factor of c and 10?
10
Let g = 29 - 20. Suppose -3*p = -3*q + 2 + 10, 3*q = 2*p + g. What is the greatest common divisor of 1 and q?
1
Let h(c) = -c**3 + 2*c**2 + c - 7. Let a be h(3). Suppose -5*k = -p - 2*k - 30, -2*k = 2*p + 44. Let v = a - p. What is the greatest common divisor of v and 1?
1
Suppose 2*s + k = -2*s + 81, -2*k + 105 = 5*s. Calculate the highest common factor of s and 19.
19
Let r be -2*3*(-6)/(-9). Let i be ((-10)/4)/(1/r). Suppose 3*n = -0*n + 75. Calculate the highest common divisor of n and i.
5
Let i(o) = -2*o - 9. Let m be i(-8). Let n(t) = -t**2 + 10*t - 7. Let b be n(m). What is the highest common factor of b and 140?
14
Let o be (-6)/9 - 116/(-3). Suppose -4 = -2*n, -3*j - 4 + o = 2*n. Let b = 2 - 0. Calculate the highest common divisor of j and b.
2
Let i = 12 - -3. Let t be -1 - (-1 + -4) - -3. Suppose 0 = -t*g + 4*g + i. What is the greatest common factor of 50 and g?
5
Suppose 4 = 2*u - 8. Suppose c - u = 6. Suppose -v + c = v. Calculate the highest common divisor of v and 15.
3
Suppose y = 6 + 6. Suppose -y = -3*r + 24. Calculate the greatest common factor of r and 96.
12
Let r(t) = -t**3 + 4*t - 3. Let o be r(2). Let d be (2 - 3/o) + 1. Let s(p) = 2*p + 1. Let a be s(d). Calculate the highest common factor of a and 36.
9
Let a be (0/1)/(3 - 5). Let y be -1 - a - (0 + -3). Calculate the highest common factor of 18 and y.
2
Suppose 9*q - 158 - 130 = 0. Suppose -48 = s - 4*s. Calculate the highest common factor of s and q.
16
Let j = 16 + -33. Let r = -2 - j. What is the highest common factor of r and 135?
15
Suppose 0*g = 5*g - 320. What is the highest common divisor of g and 8?
8
Suppose -j + 5 = 3. Suppose -2*s - 3*s = 20. Let f be 63/6*s/(-3). What is the highest common divisor of j and f?
2
Let r(f) = -f**2 + 13*f + 8. Let v be r(6). Let a = 2 + 18. Calculate the highest common divisor of a and v.
10
Let b = -1 + 10. Suppose -4*p = 0, 2*p - b = -h + p. Let n(l) = 23*l - 6. Let a be n(3). What is the highest common divisor of h and a?
9
Let t = 18 + -8. Calculate the highest common divisor of t and 5.
5
Suppose -2*a + 26 = -2*n, 2*n - 29 - 30 = -3*a. Suppose 0 = 5*z - a - 63. Calculate the highest common factor of z and 80.
16
Let p be 0/(-2 - (-1 - 2)). Suppose -4*q - 2*k = -28, 4*q + 5*k = -p*q + 22. What is the greatest common factor of q and 1?
1
Let v(a) = -a - a + 11 + 3*a. Let z be 2/9 - 94/18. Let w be v(z). Calculate the highest common divisor of w and 4.
2
Suppose 0 = -4*t + 180 + 252. What is the greatest common divisor of 12 and t?
12
Let u(x) = 3*x - 6. Suppose -2*n + 17 = -3*y, -4*y = 2*n + 3 + 1. Let d be u(n). Calculate the greatest common divisor of d and 48.
6
Suppose -59 = -2*m - 5*r, 2*m + 61 = 4*m + 3*r. Let l be (-1)/(3/(-12))*4. What is the greatest common divisor of l and m?
16
Let h(b) = b**3 - b**2 + 4*b. Let g be h(3). Calculate the greatest common factor of g and 15.
15
Suppose 0*a + 18 = 3*a. Let d = -2 + 7. Suppose -v + d = -2*v, -46 = -4*b + 2*v. What is the highest common factor of a and b?
3
Let r be (2 - -2)*9/6. Suppose -3*j + 4*c = -425, 3*c - 576